uppose x = 3*g - 93 - 87. What is the greatest common factor of g and i?
12
Let m = 232 - 180. Calculate the greatest common factor of m and 182.
26
Suppose 4*r - 5*b = 50, r + 7*b - 11 = 9*b. Calculate the highest common factor of 30 and r.
15
Let i be (1 + 97)*(153/(-9) - -18). Calculate the greatest common factor of 28 and i.
14
Suppose -4*u = 8*b - 6*b - 484, 0 = -4*b + 16. What is the highest common factor of u and 102?
17
Let d(m) = 8 - 6*m**2 - m**3 + 0*m + 8*m - 7*m. Let r be 1/(((-2)/12)/1). Let j be d(r). What is the greatest common divisor of 3 and j?
1
Let n be 30*(4/(-22) - 208/66). Let y = n + 184. Calculate the highest common divisor of 28 and y.
28
Suppose 128*s - 210 = 113*s. Calculate the highest common divisor of 217 and s.
7
Suppose -2*n + 4 = 6*b - 2*b, -n + 4 = 4*b. Calculate the highest common divisor of 32 and b.
1
Suppose 2*o - 210 = 5*x, -10*x + 9*x + 332 = 3*o. What is the greatest common factor of 10 and o?
10
Suppose 5*d - 90 = -35. Let w = d - 12. Let z = 8 + w. Calculate the greatest common factor of z and 1.
1
Let z(x) = -2*x**3 - 6*x**2. Let p be z(-5). Calculate the highest common divisor of 28 and p.
4
Suppose -2*i = -5 - 5. Suppose 5*h - i*c + 25 = 0, -5*h - 14 = -2*h - 4*c. Let f be h/(-1) - (-33)/(-11). What is the highest common factor of 24 and f?
3
Let s(w) be the third derivative of 1/30*w**5 + 2/3*w**3 + 0*w**4 + 0 + w**2 + 0*w. Let j be s(-2). What is the highest common factor of j and 12?
12
Suppose 10*f + 234 = 28*f. What is the greatest common divisor of 104 and f?
13
Let c(l) = -l**3 + 6*l**2 + l + 5. Let v be c(5). Let d be -2*((100/8)/5)/(-1). What is the highest common factor of d and v?
5
Let u be 78/(-21) + (-2)/7. Let b be 734/u - 33/(-22). Let n be b/(-8) - 21/28. Calculate the greatest common factor of n and 11.
11
Suppose -3*q + 7*q - 40 = 0. Suppose 0 = -q*w + 8*w + 10. Let t be 6/(-15) + 142/w. Calculate the greatest common factor of 42 and t.
14
Suppose -5*h + 85 = -0*h. Let c = 21 - h. Suppose c*d - 165 = -d. Calculate the highest common divisor of d and 22.
11
Let k be (440/(-15) - 4)/((-4)/126). What is the greatest common divisor of 15 and k?
15
Suppose -v - 3*v - 88 = -2*g, 5*g = 4*v + 250. Let b = -14 + g. Calculate the highest common factor of 200 and b.
40
Suppose -2*n + 6 + 2 = 0, x - 18 = -4*n. Suppose -4*q = -q. Suppose q = -a - x*a + 6. Calculate the greatest common factor of 18 and a.
2
Let g(c) = c + 8. Let n be g(3). What is the greatest common divisor of n and 10?
1
Suppose 50 = 2*u - 0*u. Let t = -22 + u. Calculate the greatest common factor of 21 and t.
3
Suppose 5*t - 10*t + 522 = 2*l, 4*l - 1072 = 4*t. Calculate the highest common factor of l and 70.
14
Suppose -6*q = -9*q - 6. Let f be q + (-2 - 18)/(-4). Suppose c = 2*o - 2, 2*o + 4*c = -0*c + 12. Calculate the greatest common factor of o and f.
1
Let m(g) = 21*g + 372. Let i be m(-15). Calculate the highest common divisor of i and 684.
57
Let k(z) = 19*z**3 - 9*z**2 + 15*z - 3. Let l be k(3). What is the highest common factor of l and 6?
6
Let g = 442 + -361. Calculate the greatest common divisor of g and 9.
9
Let f be (-2)/(-5)*((-20)/2)/(-1). Suppose 0 = -5*t + 4*h + 71, 2*t - h + f = 33. Suppose 67 = z + 7. Calculate the greatest common factor of z and t.
15
Let k(f) = -f**3 - 9*f**2 - 2*f. Let v be k(-9). Suppose -10*x = 2*q - 9*x - 23, 5*q + 5*x - 70 = 0. What is the highest common divisor of v and q?
9
Suppose -4*r + 41 + 35 = 0. Suppose -3*t - r = -34. Suppose 0 = 2*i + t*p - 10, -2*i - 4*p = -6*i + 48. Calculate the greatest common divisor of 5 and i.
5
Suppose -5*x + 195 = -0*x. Suppose -375 = o + 509. Let z be (2*1/(-4))/(17/o). Calculate the highest common factor of x and z.
13
Let h(d) = d**3 - d**2 + 2*d - 4. Let c be h(2). Suppose -2*i = -4*x - c*i + 80, 4*i - 52 = -2*x. What is the highest common factor of 9 and x?
9
Let u(o) = -2*o**3 - 4*o**2 + 6. Let x be u(-2). Let r be -2*(3 - 5) + 2. Calculate the highest common factor of x and r.
6
Suppose 4*d - 19 - 25 = 0. Let i(m) = -22*m + 11. Suppose 2*h = -x - 12, x - 2 = -4. Let n be i(h). Calculate the greatest common factor of n and d.
11
Let c = -311 + 429. Calculate the greatest common factor of 2 and c.
2
Let i(s) = s**2 + 4*s + 7. Let z be i(-7). Let l be (-19)/(-7) - 4*(-2)/z. Suppose 0 = 3*p - 6 + 3. What is the highest common factor of l and p?
1
Let k be (0 - -12)*(-12)/(-36). Suppose k*m + 0*m = 1188. Calculate the highest common factor of 27 and m.
27
Let m be 21357/35 + 2/(-10). Suppose 38 + m = 8*p. Calculate the highest common divisor of p and 54.
27
Let n(b) = -b**2 + 13*b + 27. Let c be n(14). What is the highest common factor of 169 and c?
13
Suppose 0 = 2*l + 5*u - 1041 + 245, 2*l - u - 808 = 0. What is the highest common factor of l and 186?
31
Suppose -4*b + 5*i + 23 = 0, 5*b + 5*i + 5 - 45 = 0. Let f = -175 - -287. Suppose -3*t - f = -5*t. What is the highest common divisor of t and b?
7
Suppose 2*g - 5 + 1 = 0. Let l be 62/(-3*g/(-15)). Calculate the highest common factor of l and 31.
31
Suppose 6*l - 183 = 555. Calculate the highest common factor of 12 and l.
3
Let q(v) be the first derivative of v**3/3 - 3*v**2/2 + 4*v + 1. Let r be q(3). Let d be r + -6 - (-76)/2. What is the greatest common divisor of d and 4?
4
Let z be 0/(1*6/(-3)). Suppose -3*o + z*o = -192. Let c = -8 + 16. Calculate the highest common divisor of o and c.
8
Let c(z) = z**3 - 12*z**2 + 6*z + 65. Let b be c(11). What is the greatest common factor of b and 1080?
10
Suppose -4*g - 29 = p + 19, 5*p - 2 = 2*g. Let n = g + 9. Let f = 15 + n. Calculate the greatest common divisor of f and 13.
13
Suppose h - 1 = -z + 6, 0 = -5*z + 5*h + 65. Let w = 17 - z. Calculate the greatest common divisor of w and 28.
7
Suppose 54*t - 10 = 49*t. Suppose 139 = 3*k + n, t*n = -4*k + 9*k - 250. What is the highest common divisor of k and 48?
48
Let q(g) = -g**3 - 14*g**2 - 2*g - 4. Let m be q(-14). Let y be (1/5)/((-12)/(-180)). What is the greatest common divisor of m and y?
3
Let r = 1003 - 699. What is the highest common factor of r and 16?
16
Let w(f) = -f**3. Let o(b) = -3*b**3 - 3*b**2 - 12*b - 2. Let j(h) = o(h) - 2*w(h). Let d be j(-5). What is the highest common factor of 27 and d?
27
Let l = -564 - -814. Calculate the greatest common divisor of 10 and l.
10
Let x(n) = n**2 + 8*n - 45. Let m be x(7). Let w be 3332/168 + (-1)/(-6). What is the highest common factor of w and m?
20
Let z be (200/(-140))/(2/(-28)). Suppose -t = 3*y - 2*y - 102, -3*y + 294 = -3*t. Calculate the greatest common divisor of z and y.
20
Let d be (-2184)/(-108) - 2/9. Suppose 88 = 5*z - z. Let t be 436/z - 8/(-44). What is the highest common factor of d and t?
20
Suppose 0 = 19*a - 24*a - 25. Let w be (-56)/6*3/(-2). Let u = a + w. Calculate the greatest common factor of u and 1.
1
Let n(c) = -35*c - 11. Let o be n(-4). What is the greatest common factor of o and 473?
43
Let w(b) = 482*b + 37. Let f be w(2). What is the greatest common factor of f and 13?
13
Let j be -2 - (180 - (4 - 4)). Let p be (j/28)/(1/(-2)). Let f = 20 - p. Calculate the highest common factor of 7 and f.
7
Let f be 32688/108 - 4/6. Let s = -192 + f. Calculate the greatest common factor of s and 20.
10
Let x(i) = 14*i + 8. Let s be (-8)/(-44) - (-172)/22. Suppose a = -a + s. Let c be x(a). What is the greatest common factor of c and 16?
16
Let w = -726 + 1051. What is the greatest common divisor of w and 65?
65
Let a = -75 + 83. What is the greatest common factor of a and 32?
8
Suppose 7 - 15 = -c. Let f(d) = -2*d**3 - 6*d**2 - d + 4. Let z(x) = -x - 17. Let g be z(-13). Let b be f(g). Calculate the highest common divisor of c and b.
8
Let x be (2/(-3))/((-4)/18). Let o = x - -69. Let t(b) = -b**3 + 4*b**2 + 2*b. Let a be t(4). Calculate the greatest common factor of a and o.
8
Let v = 354 + -254. What is the greatest common divisor of v and 4?
4
Suppose 0 = -4*i + 2*x - 10, -5 = i + x - 1. Let q be 767/104 + i/8. Calculate the greatest common divisor of q and 1.
1
Let p(n) be the second derivative of 3*n**4/4 + n**3/3 - n**2 + 3*n. Let t be p(1). Let d = t + 11. What is the greatest common factor of d and 20?
20
Let s = 207 + 101. What is the highest common factor of s and 231?
77
Let u(i) = -i**3 + 17*i**2 - 17*i + 